{"id":14,"date":"2020-04-14T13:42:11","date_gmt":"2020-04-14T13:42:11","guid":{"rendered":"http:\/\/baeren-holziken.ch\/?page_id=14"},"modified":"2026-03-26T10:31:23","modified_gmt":"2026-03-26T09:31:23","slug":"oeffnungszeiten","status":"publish","type":"page","link":"http:\/\/baeren-holziken.ch\/?page_id=14","title":{"rendered":"\u00d6ffnungszeiten und Kontakt"},"content":{"rendered":"\n<p><\/p>\n\n\n\n<p><mark style=\"background-color:rgba(0, 0, 0, 0)\" class=\"has-inline-color has-black-color\"><strong>Di. &#8211; Sa.  08.45 &#8211; 23.00<br><\/strong><\/mark><strong>So.            09.00 &#8211; 23.00<\/strong><br><strong>Montag Ruhetag<\/strong><br><mark style=\"background-color:rgba(0, 0, 0, 0)\" class=\"has-inline-color has-vivid-red-color\"><strong>Durchgehend warme K\u00fcche 11.30 &#8211; 21.00 !<\/strong>  <\/mark> <br><strong><mark style=\"background-color:rgba(0, 0, 0, 0)\" class=\"has-inline-color has-vivid-red-color\">Sonntag bis 20.15<\/mark><\/strong><br><\/p>\n\n\n\n<p>Ostertage offen, <strong><mark style=\"background-color:#fcb900\" class=\"has-inline-color has-black-color\">Ostersonntag 09.00 &#8211; 21.00<\/mark><\/strong><br>Ostermontag W\u00e4hen &amp; mehr, offen 09.00 bis 16.00 <br><br>Muttertag offen wie Sonntag<br>Auffahrt 14.05.26 offen wie Sonntag<br><strong>\u00dcber Pfingsten geschlossen! Sa. &#8211; Mo.<\/strong><br>1. August offen 08.30 &#8211; 16.00 <strong>B\u00e4ren Z`morge<\/strong><br><strong>Sommer- Betriebsferien Mo. 03.08.26 &#8211; Mo. 10.08.26<\/strong><br><\/p>\n\n\n\n<p class=\"has-luminous-vivid-amber-background-color has-background\"><strong>Tisch- Reservationen nur per Telefon<\/strong><br><strong>&nbsp;062 721 04 04 <\/strong><br><\/p>\n\n\n\n<p class=\"has-vivid-red-color has-white-background-color has-text-color has-background\"><strong><strong>Take away Di- So. ab 11.30 &#8211; 21.00<br>Take away Bestellung ab 10.00 bitte auf 062 721 04 04<\/strong><\/strong><br>Gerichte siehe Speisekarte<br><br><br><br><\/p>\n\n\n\n<h2 class=\"wp-block-heading\">e- mail: gasthaus.baeren@bluewin.ch<br><strong>KEINE TISCHRESERVATIONEN<\/strong> <strong>PER E-MAIL<\/strong><br><\/h2>\n\n\n\n<p><\/p>\n","protected":false},"excerpt":{"rendered":"<p>Di. &#8211; Sa. 08.45 &#8211; 23.00So. 09.00 &#8211; 23.00Montag RuhetagDurchgehend warme K\u00fcche 11.30 &#8211; 21.00 ! Sonntag bis 20.15 Ostertage offen, Ostersonntag 09.00 &#8211; 21.00Ostermontag W\u00e4hen &amp; mehr, offen 09.00 bis 16.00 Muttertag offen wie SonntagAuffahrt 14.05.26 offen wie Sonntag\u00dcber Pfingsten geschlossen! Sa. &#8211; Mo.1. August offen 08.30 &#8211; 16.00 B\u00e4ren Z`morgeSommer- Betriebsferien Mo. 03.08.26 &hellip; <\/p>\n<p class=\"link-more\"><a href=\"http:\/\/baeren-holziken.ch\/?page_id=14\" class=\"more-link\"><span class=\"screen-reader-text\">\u201e\u00d6ffnungszeiten und Kontakt\u201c<\/span> weiterlesen<\/a><\/p>\n","protected":false},"author":1,"featured_media":0,"parent":0,"menu_order":0,"comment_status":"closed","ping_status":"closed","template":"","meta":{"footnotes":""},"class_list":["post-14","page","type-page","status-publish","hentry"],"yoast_head":"<!-- This site is optimized with the Yoast SEO plugin v27.5 - https:\/\/yoast.com\/product\/yoast-seo-wordpress\/ -->\n<title>\u00d6ffnungszeiten und Kontakt - Gasthaus B\u00e4ren Holziken<\/title>\n<meta name=\"description\" content=\"\u00d6ffnungszeiten: Di. - Sa. 08.45 - 23.00 | So. 09.00 - 23.00 | Montag Ruhetag. Durchgehend warme K\u00fcche Di-Sa. 11.30 - 21.00, So. bis 20.15\" \/>\n<meta name=\"robots\" content=\"index, follow, max-snippet:-1, max-image-preview:large, max-video-preview:-1\" \/>\n<link rel=\"canonical\" href=\"http:\/\/baeren-holziken.ch\/?page_id=14\" \/>\n<meta property=\"og:locale\" content=\"de_DE\" \/>\n<meta property=\"og:type\" content=\"article\" \/>\n<meta property=\"og:title\" content=\"\u00d6ffnungszeiten und Kontakt - Gasthaus B\u00e4ren Holziken\" \/>\n<meta property=\"og:description\" content=\"\u00d6ffnungszeiten: Di. - Sa. 08.45 - 23.00 | So. 09.00 - 23.00 | Montag Ruhetag. Durchgehend warme K\u00fcche Di-Sa. 11.30 - 21.00, So. bis 20.15\" \/>\n<meta property=\"og:url\" content=\"http:\/\/baeren-holziken.ch\/?page_id=14\" \/>\n<meta property=\"og:site_name\" content=\"Gasthaus B\u00e4ren Holziken\" \/>\n<meta property=\"article:modified_time\" content=\"2026-03-26T09:31:23+00:00\" \/>\n<meta property=\"og:image\" content=\"http:\/\/baeren-holziken.ch\/wp-content\/uploads\/2024\/07\/cropped-webseitelogo-1.png\" \/>\n\t<meta property=\"og:image:width\" content=\"512\" \/>\n\t<meta property=\"og:image:height\" content=\"512\" \/>\n\t<meta property=\"og:image:type\" content=\"image\/png\" \/>\n<meta name=\"twitter:card\" content=\"summary_large_image\" \/>\n<meta name=\"twitter:label1\" content=\"Gesch\u00e4tzte Lesezeit\" \/>\n\t<meta name=\"twitter:data1\" content=\"1\u00a0Minute\" \/>\n<script type=\"application\/ld+json\" class=\"yoast-schema-graph\">{\"@context\":\"https:\\\/\\\/schema.org\",\"@graph\":[{\"@type\":\"WebPage\",\"@id\":\"http:\\\/\\\/baeren-holziken.ch\\\/?page_id=14\",\"url\":\"http:\\\/\\\/baeren-holziken.ch\\\/?page_id=14\",\"name\":\"\u00d6ffnungszeiten und Kontakt - Gasthaus B\u00e4ren Holziken\",\"isPartOf\":{\"@id\":\"https:\\\/\\\/baeren-holziken.ch\\\/#website\"},\"datePublished\":\"2020-04-14T13:42:11+00:00\",\"dateModified\":\"2026-03-26T09:31:23+00:00\",\"description\":\"\u00d6ffnungszeiten: Di. - Sa. 08.45 - 23.00 | So. 09.00 - 23.00 | Montag Ruhetag. Durchgehend warme K\u00fcche Di-Sa. 11.30 - 21.00, So. bis 20.15\",\"breadcrumb\":{\"@id\":\"http:\\\/\\\/baeren-holziken.ch\\\/?page_id=14#breadcrumb\"},\"inLanguage\":\"de\",\"potentialAction\":[{\"@type\":\"ReadAction\",\"target\":[\"http:\\\/\\\/baeren-holziken.ch\\\/?page_id=14\"]}]},{\"@type\":\"BreadcrumbList\",\"@id\":\"http:\\\/\\\/baeren-holziken.ch\\\/?page_id=14#breadcrumb\",\"itemListElement\":[{\"@type\":\"ListItem\",\"position\":1,\"name\":\"Startseite\",\"item\":\"https:\\\/\\\/baeren-holziken.ch\\\/\"},{\"@type\":\"ListItem\",\"position\":2,\"name\":\"\u00d6ffnungszeiten und Kontakt\"}]},{\"@type\":\"WebSite\",\"@id\":\"https:\\\/\\\/baeren-holziken.ch\\\/#website\",\"url\":\"https:\\\/\\\/baeren-holziken.ch\\\/\",\"name\":\"Gasthaus B\u00e4ren Holziken\",\"description\":\"Restaurant\",\"publisher\":{\"@id\":\"https:\\\/\\\/baeren-holziken.ch\\\/#organization\"},\"potentialAction\":[{\"@type\":\"SearchAction\",\"target\":{\"@type\":\"EntryPoint\",\"urlTemplate\":\"https:\\\/\\\/baeren-holziken.ch\\\/?s={search_term_string}\"},\"query-input\":{\"@type\":\"PropertyValueSpecification\",\"valueRequired\":true,\"valueName\":\"search_term_string\"}}],\"inLanguage\":\"de\"},{\"@type\":\"Organization\",\"@id\":\"https:\\\/\\\/baeren-holziken.ch\\\/#organization\",\"name\":\"Gasthaus B\u00e4ren Holziken\",\"url\":\"https:\\\/\\\/baeren-holziken.ch\\\/\",\"logo\":{\"@type\":\"ImageObject\",\"inLanguage\":\"de\",\"@id\":\"https:\\\/\\\/baeren-holziken.ch\\\/#\\\/schema\\\/logo\\\/image\\\/\",\"url\":\"https:\\\/\\\/baeren-holziken.ch\\\/wp-content\\\/uploads\\\/2024\\\/07\\\/cropped-webseitelogo-1.png\",\"contentUrl\":\"https:\\\/\\\/baeren-holziken.ch\\\/wp-content\\\/uploads\\\/2024\\\/07\\\/cropped-webseitelogo-1.png\",\"width\":512,\"height\":512,\"caption\":\"Gasthaus B\u00e4ren Holziken\"},\"image\":{\"@id\":\"https:\\\/\\\/baeren-holziken.ch\\\/#\\\/schema\\\/logo\\\/image\\\/\"}}]}<\/script>\n<!-- \/ Yoast SEO plugin. -->","yoast_head_json":{"title":"\u00d6ffnungszeiten und Kontakt - Gasthaus B\u00e4ren Holziken","description":"\u00d6ffnungszeiten: Di. - Sa. 08.45 - 23.00 | So. 09.00 - 23.00 | Montag Ruhetag. Durchgehend warme K\u00fcche Di-Sa. 11.30 - 21.00, So. bis 20.15","robots":{"index":"index","follow":"follow","max-snippet":"max-snippet:-1","max-image-preview":"max-image-preview:large","max-video-preview":"max-video-preview:-1"},"canonical":"http:\/\/baeren-holziken.ch\/?page_id=14","og_locale":"de_DE","og_type":"article","og_title":"\u00d6ffnungszeiten und Kontakt - Gasthaus B\u00e4ren Holziken","og_description":"\u00d6ffnungszeiten: Di. - Sa. 08.45 - 23.00 | So. 09.00 - 23.00 | Montag Ruhetag. Durchgehend warme K\u00fcche Di-Sa. 11.30 - 21.00, So. bis 20.15","og_url":"http:\/\/baeren-holziken.ch\/?page_id=14","og_site_name":"Gasthaus B\u00e4ren Holziken","article_modified_time":"2026-03-26T09:31:23+00:00","og_image":[{"width":512,"height":512,"url":"http:\/\/baeren-holziken.ch\/wp-content\/uploads\/2024\/07\/cropped-webseitelogo-1.png","type":"image\/png"}],"twitter_card":"summary_large_image","twitter_misc":{"Gesch\u00e4tzte Lesezeit":"1\u00a0Minute"},"schema":{"@context":"https:\/\/schema.org","@graph":[{"@type":"WebPage","@id":"http:\/\/baeren-holziken.ch\/?page_id=14","url":"http:\/\/baeren-holziken.ch\/?page_id=14","name":"\u00d6ffnungszeiten und Kontakt - Gasthaus B\u00e4ren Holziken","isPartOf":{"@id":"https:\/\/baeren-holziken.ch\/#website"},"datePublished":"2020-04-14T13:42:11+00:00","dateModified":"2026-03-26T09:31:23+00:00","description":"\u00d6ffnungszeiten: Di. - Sa. 08.45 - 23.00 | So. 09.00 - 23.00 | Montag Ruhetag. Durchgehend warme K\u00fcche Di-Sa. 11.30 - 21.00, So. bis 20.15","breadcrumb":{"@id":"http:\/\/baeren-holziken.ch\/?page_id=14#breadcrumb"},"inLanguage":"de","potentialAction":[{"@type":"ReadAction","target":["http:\/\/baeren-holziken.ch\/?page_id=14"]}]},{"@type":"BreadcrumbList","@id":"http:\/\/baeren-holziken.ch\/?page_id=14#breadcrumb","itemListElement":[{"@type":"ListItem","position":1,"name":"Startseite","item":"https:\/\/baeren-holziken.ch\/"},{"@type":"ListItem","position":2,"name":"\u00d6ffnungszeiten und Kontakt"}]},{"@type":"WebSite","@id":"https:\/\/baeren-holziken.ch\/#website","url":"https:\/\/baeren-holziken.ch\/","name":"Gasthaus B\u00e4ren Holziken","description":"Restaurant","publisher":{"@id":"https:\/\/baeren-holziken.ch\/#organization"},"potentialAction":[{"@type":"SearchAction","target":{"@type":"EntryPoint","urlTemplate":"https:\/\/baeren-holziken.ch\/?s={search_term_string}"},"query-input":{"@type":"PropertyValueSpecification","valueRequired":true,"valueName":"search_term_string"}}],"inLanguage":"de"},{"@type":"Organization","@id":"https:\/\/baeren-holziken.ch\/#organization","name":"Gasthaus B\u00e4ren Holziken","url":"https:\/\/baeren-holziken.ch\/","logo":{"@type":"ImageObject","inLanguage":"de","@id":"https:\/\/baeren-holziken.ch\/#\/schema\/logo\/image\/","url":"https:\/\/baeren-holziken.ch\/wp-content\/uploads\/2024\/07\/cropped-webseitelogo-1.png","contentUrl":"https:\/\/baeren-holziken.ch\/wp-content\/uploads\/2024\/07\/cropped-webseitelogo-1.png","width":512,"height":512,"caption":"Gasthaus B\u00e4ren Holziken"},"image":{"@id":"https:\/\/baeren-holziken.ch\/#\/schema\/logo\/image\/"}}]}},"_links":{"self":[{"href":"http:\/\/baeren-holziken.ch\/index.php?rest_route=\/wp\/v2\/pages\/14","targetHints":{"allow":["GET"]}}],"collection":[{"href":"http:\/\/baeren-holziken.ch\/index.php?rest_route=\/wp\/v2\/pages"}],"about":[{"href":"http:\/\/baeren-holziken.ch\/index.php?rest_route=\/wp\/v2\/types\/page"}],"author":[{"embeddable":true,"href":"http:\/\/baeren-holziken.ch\/index.php?rest_route=\/wp\/v2\/users\/1"}],"replies":[{"embeddable":true,"href":"http:\/\/baeren-holziken.ch\/index.php?rest_route=%2Fwp%2Fv2%2Fcomments&post=14"}],"version-history":[{"count":61,"href":"http:\/\/baeren-holziken.ch\/index.php?rest_route=\/wp\/v2\/pages\/14\/revisions"}],"predecessor-version":[{"id":1803,"href":"http:\/\/baeren-holziken.ch\/index.php?rest_route=\/wp\/v2\/pages\/14\/revisions\/1803"}],"wp:attachment":[{"href":"http:\/\/baeren-holziken.ch\/index.php?rest_route=%2Fwp%2Fv2%2Fmedia&parent=14"}],"curies":[{"name":"wp","href":"https:\/\/api.w.org\/{rel}","templated":true}]}}

Öffnungszeiten und Kontakt

<p></p>



<p><mark style="background-color:rgba(0, 0, 0, 0)" class="has-inline-color has-black-color"><strong>Di. &#8211; Sa.  08.45 &#8211; 23.00<br></strong></mark><strong>So.            09.00 &#8211; 23.00</strong><br><strong>Montag Ruhetag</strong><br><mark style="background-color:rgba(0, 0, 0, 0)" class="has-inline-color has-vivid-red-color"><strong>Durchgehend warme Küche 11.30 &#8211; 21.00 !</strong>  </mark> <br><strong><mark style="background-color:rgba(0, 0, 0, 0)" class="has-inline-color has-vivid-red-color">Sonntag bis 20.15</mark></strong><br></p>



<p>Ostertage offen, <strong><mark style="background-color:#fcb900" class="has-inline-color has-black-color">Ostersonntag 09.00 &#8211; 21.00</mark></strong><br>Ostermontag Wähen &amp; mehr, offen 09.00 bis 16.00 <br><br>Muttertag offen wie Sonntag<br>Auffahrt 14.05.26 offen wie Sonntag<br><strong>Über Pfingsten geschlossen! Sa. &#8211; Mo.</strong><br>1. August offen 08.30 &#8211; 16.00 <strong>Bären Z`morge</strong><br><strong>Sommer- Betriebsferien Mo. 03.08.26 &#8211; Mo. 10.08.26</strong><br></p>



<p class="has-luminous-vivid-amber-background-color has-background"><strong>Tisch- Reservationen nur per Telefon</strong><br><strong>&nbsp;062 721 04 04 </strong><br></p>



<p class="has-vivid-red-color has-white-background-color has-text-color has-background"><strong><strong>Take away Di- So. ab 11.30 &#8211; 21.00<br>Take away Bestellung ab 10.00 bitte auf 062 721 04 04</strong></strong><br>Gerichte siehe Speisekarte<br><br><br><br></p>



<h2 class="wp-block-heading">e- mail: gasthaus.baeren@bluewin.ch<br><strong>KEINE TISCHRESERVATIONEN</strong> <strong>PER E-MAIL</strong><br></h2>



<p></p>

<p>Di. &#8211; Sa. 08.45 &#8211; 23.00So. 09.00 &#8211; 23.00Montag RuhetagDurchgehend warme Küche 11.30 &#8211; 21.00 ! Sonntag bis 20.15 Ostertage offen, Ostersonntag 09.00 &#8211; 21.00Ostermontag Wähen &amp; mehr, offen 09.00 bis 16.00 Muttertag offen wie SonntagAuffahrt 14.05.26 offen wie SonntagÜber Pfingsten geschlossen! Sa. &#8211; Mo.1. August offen 08.30 &#8211; 16.00 Bären Z`morgeSommer- Betriebsferien Mo. 03.08.26 &hellip; </p>
<p class="link-more"><a href="http://baeren-holziken.ch/?page_id=14" class="more-link"><span class="screen-reader-text">„Öffnungszeiten und Kontakt“</span> weiterlesen</a></p>

<!-- This site is optimized with the Yoast SEO plugin v27.5 - https://yoast.com/product/yoast-seo-wordpress/ -->
<title>Öffnungszeiten und Kontakt - Gasthaus Bären Holziken</title>
<meta name="description" content="Öffnungszeiten: Di. - Sa. 08.45 - 23.00 | So. 09.00 - 23.00 | Montag Ruhetag. Durchgehend warme Küche Di-Sa. 11.30 - 21.00, So. bis 20.15" />
<meta name="robots" content="index, follow, max-snippet:-1, max-image-preview:large, max-video-preview:-1" />
<link rel="canonical" href="http://baeren-holziken.ch/?page_id=14" />
<meta property="og:locale" content="de_DE" />
<meta property="og:type" content="article" />
<meta property="og:title" content="Öffnungszeiten und Kontakt - Gasthaus Bären Holziken" />
<meta property="og:description" content="Öffnungszeiten: Di. - Sa. 08.45 - 23.00 | So. 09.00 - 23.00 | Montag Ruhetag. Durchgehend warme Küche Di-Sa. 11.30 - 21.00, So. bis 20.15" />
<meta property="og:url" content="http://baeren-holziken.ch/?page_id=14" />
<meta property="og:site_name" content="Gasthaus Bären Holziken" />
<meta property="article:modified_time" content="2026-03-26T09:31:23+00:00" />
<meta property="og:image" content="http://baeren-holziken.ch/wp-content/uploads/2024/07/cropped-webseitelogo-1.png" />
	<meta property="og:image:width" content="512" />
	<meta property="og:image:height" content="512" />
	<meta property="og:image:type" content="image/png" />
<meta name="twitter:card" content="summary_large_image" />
<meta name="twitter:label1" content="Geschätzte Lesezeit" />
	<meta name="twitter:data1" content="1 Minute" />
<script type="application/ld+json" class="yoast-schema-graph">{"@context":"https:\/\/schema.org","@graph":[{"@type":"WebPage","@id":"http:\/\/baeren-holziken.ch\/?page_id=14","url":"http:\/\/baeren-holziken.ch\/?page_id=14","name":"Öffnungszeiten und Kontakt - Gasthaus Bären Holziken","isPartOf":{"@id":"https:\/\/baeren-holziken.ch\/#website"},"datePublished":"2020-04-14T13:42:11+00:00","dateModified":"2026-03-26T09:31:23+00:00","description":"Öffnungszeiten: Di. - Sa. 08.45 - 23.00 | So. 09.00 - 23.00 | Montag Ruhetag. Durchgehend warme Küche Di-Sa. 11.30 - 21.00, So. bis 20.15","breadcrumb":{"@id":"http:\/\/baeren-holziken.ch\/?page_id=14#breadcrumb"},"inLanguage":"de","potentialAction":[{"@type":"ReadAction","target":["http:\/\/baeren-holziken.ch\/?page_id=14"]}]},{"@type":"BreadcrumbList","@id":"http:\/\/baeren-holziken.ch\/?page_id=14#breadcrumb","itemListElement":[{"@type":"ListItem","position":1,"name":"Startseite","item":"https:\/\/baeren-holziken.ch\/"},{"@type":"ListItem","position":2,"name":"Öffnungszeiten und Kontakt"}]},{"@type":"WebSite","@id":"https:\/\/baeren-holziken.ch\/#website","url":"https:\/\/baeren-holziken.ch\/","name":"Gasthaus Bären Holziken","description":"Restaurant","publisher":{"@id":"https:\/\/baeren-holziken.ch\/#organization"},"potentialAction":[{"@type":"SearchAction","target":{"@type":"EntryPoint","urlTemplate":"https:\/\/baeren-holziken.ch\/?s={search_term_string}"},"query-input":{"@type":"PropertyValueSpecification","valueRequired":true,"valueName":"search_term_string"}}],"inLanguage":"de"},{"@type":"Organization","@id":"https:\/\/baeren-holziken.ch\/#organization","name":"Gasthaus Bären Holziken","url":"https:\/\/baeren-holziken.ch\/","logo":{"@type":"ImageObject","inLanguage":"de","@id":"https:\/\/baeren-holziken.ch\/#\/schema\/logo\/image\/","url":"https:\/\/baeren-holziken.ch\/wp-content\/uploads\/2024\/07\/cropped-webseitelogo-1.png","contentUrl":"https:\/\/baeren-holziken.ch\/wp-content\/uploads\/2024\/07\/cropped-webseitelogo-1.png","width":512,"height":512,"caption":"Gasthaus Bären Holziken"},"image":{"@id":"https:\/\/baeren-holziken.ch\/#\/schema\/logo\/image\/"}}]}</script>
<!-- / Yoast SEO plugin. -->

Öffnungszeiten und Kontakt - Gasthaus Bären Holziken

Öffnungszeiten: Di. - Sa. 08.45 - 23.00 | So. 09.00 - 23.00 | Montag Ruhetag. Durchgehend warme Küche Di-Sa. 11.30 - 21.00, So. bis 20.15

Gasthaus Bären Holziken
